t is the remainder when 147970 is divided by 751?
23
Calculate the remainder when 37741 is divided by 1397.
22
Calculate the remainder when 19742 is divided by 6566.
44
What is the remainder when 7860 is divided by 53?
16
Calculate the remainder when 1369 is divided by 500.
369
Calculate the remainder when 68562 is divided by 68561.
1
Calculate the remainder when 63077 is divided by 760.
757
Calculate the remainder when 983 is divided by 783.
200
Calculate the remainder when 3890 is divided by 792.
722
Calculate the remainder when 3127 is divided by 1064.
999
What is the remainder when 69629 is divided by 1882?
1877
What is the remainder when 3711 is divided by 50?
11
What is the remainder when 5957 is divided by 131?
62
What is the remainder when 17360 is divided by 668?
660
Calculate the remainder when 59807 is divided by 559.
553
Calculate the remainder when 12145 is divided by 6054.
37
What is the remainder when 10627 is divided by 507?
487
Calculate the remainder when 54549 is divided by 2871.
0
Calculate the remainder when 1878 is divided by 843.
192
What is the remainder when 36 is divided by 24?
12
What is the remainder when 106903 is divided by 198?
181
What is the remainder when 876 is divided by 566?
310
What is the remainder when 41182 is divided by 15?
7
What is the remainder when 94100 is divided by 247?
240
What is the remainder when 33116 is divided by 324?
68
What is the remainder when 11352 is divided by 11326?
26
Calculate the remainder when 547 is divided by 506.
41
What is the remainder when 46209 is divided by 11516?
145
What is the remainder when 12500 is divided by 117?
98
Calculate the remainder when 2024 is divided by 927.
170
Calculate the remainder when 9197 is divided by 29.
4
What is the remainder when 41990 is divided by 20835?
320
What is the remainder when 1547 is divided by 333?
215
What is the remainder when 8344 is divided by 75?
19
Calculate the remainder when 495938 is divided by 18.
2
Calculate the remainder when 838 is divided by 13.
6
What is the remainder when 4128835 is divided by 30?
25
What is the remainder when 2131 is divided by 289?
108
What is the remainder when 61643 is divided by 132?
131
What is the remainder when 1035738 is divided by 17?
13
Calculate the remainder when 280951 is divided by 3746.
1
Calculate the remainder when 56255 is divided by 164.
3
What is the remainder when 14538 is divided by 1345?
1088
Calculate the remainder when 22333 is divided by 8.
5
Calculate the remainder when 7002 is divided by 443.
357
What is the remainder when 11115 is divided by 2218?
25
What is the remainder when 2140 is divided by 1039?
62
What is the remainder when 1402 is divided by 290?
242
What is the remainder when 465983 is divided by 245?
238
Calculate the remainder when 1657 is divided by 97.
8
What is the remainder when 241302 is divided by 278?
276
Calculate the remainder when 27001 is divided by 587.
586
Calculate the remainder when 3971 is divided by 372.
251
What is the remainder when 341503 is divided by 30?
13
What is the remainder when 8260 is divided by 15?
10
What is the remainder when 955324 is divided by 386?
360
What is the remainder when 10660 is divided by 209?
1
Calculate the remainder when 72797 is divided by 364.
361
Calculate the remainder when 17331 is divided by 516.
303
Calculate the remainder when 20850 is divided by 10.
0
Calculate the remainder when 3770 is divided by 1243.
41
Calculate the remainder when 3710 is divided by 309.
2
Calculate the remainder when 236978 is divided by 39.
14
What is the remainder when 622 is divided by 13?
11
Calculate the remainder when 50267 is divided by 1176.
875
Calculate the remainder when 98810 is divided by 52.
10
Calculate the remainder when 3352854 is divided by 1339.
1337
Calculate the remainder when 216155 is divided by 216144.
11
Calculate the remainder when 18263 is divided by 2605.
28
Calculate the remainder when 35375 is divided by 111.
77
Calculate the remainder when 48518 is divided by 795.
23
Calculate the remainder when 440054 is divided by 231.
230
Calculate the remainder when 5104 is divided by 635.
24
Calculate the remainder when 273234 is divided by 594.
588
What is the remainder when 24571 is divided by 59?
27
Calculate the remainder when 4068 is divided by 507.
12
Calculate the remainder when 57590 is divided by 1371.
8
Calculate the remainder when 5618 is divided by 260.
158
Calculate the remainder when 21448 is divided by 820.
128
Calculate the remainder when 14872 is divided by 62.
54
What is the remainder when 32614 is divided by 8128?
102
Calculate the remainder when 276188 is divided by 151.
9
What is the remainder when 384 is divided by 95?
4
Calculate the remainder when 7864 is divided by 3.
1
Calculate the remainder when 12772 is divided by 42.
4
What is the remainder when 103152 is divided by 2024?
1952
Calculate the remainder when 410 is divided by 9.
5
What is the remainder when 151017 is divided by 90?
87
Calculate the remainder when 48349 is divided by 576.
541
Calculate the remainder when 81323 is divided by 37.
34
Calculate the remainder when 35837 is divided by 491.
485
What is the remainder when 60058 is divided by 420?
418
Calculate the remainder when 36251 is divided by 225.
26
Calculate the remainder when 495416 is divided by 154.
152
Calculate the remainder when 63651 is divided by 71.
35
What is the remainder when 76051 is divided by 264?
19
Calculate the remainder when 4685 is divided by 201.
62
Calculate the remainder when 3442 is divided by 2997.
445
Calculate the remainder when 66510 is divided by 672.
654
What is the remainder when 8107 is divided by 4052?
3
Calculate the remainder when 15353 is divided by 320.
313
What is the remainder when 163177 is divided by 70?
7
Calculate the remainder when 18678 is divided by 3109.
24
Calculate the remainder when 120748 is divided by 250.
248
What is the remainder when 45524 is divided by 26?
24
What is the remainder when 199002 is divided by 5?
2
What is the remainder when 491471 is divided by 245721?
29
What is the remainder when 142699 is divided by 20385?
4
What is the remainder when 1096 is divided by 343?
67
What is the remainder when 793 is divided by 368?
57
What is the remainder when 129425 is divided by 197?
193
Calculate the remainder when 14521 is divided by 764.
5
What is the remainder when 2040 is divided by 1896?
144
Calculate the remainder when 37381 is divided by 12382.
235
What is the remainder when 41714 is divided by 652?
638
What is the remainder when 7001 is divided by 153?
116
Calculate the remainder when 3238 is divided by 72.
70
What is the remainder when 5607 is divided by 33?
30
Calculate the remainder when 1541 is divided by 8.
5
What is the remainder when 3306 is divided by 545?
36
Calculate the remainder when 1511 is divided by 417.
260
Calculate the remainder when 71699 is divided by 288.
275
What is the remainder when 74732 is divided by 2874?
8
Calculate the remainder when 3930 is divided by 130.
30
What is the remainder when 6478 is divided by 16?
14
What is the remainder when 105093 is divided by 232?
229
Calculate the remainder when 8800 is divided by 1744.
80
What is the remainder when 67811 is divided by 1789?
1618
Calculate the remainder when 34020 is divided by 321.
315
Calculate the remainder when 1366 is divided by 37.
34
Calculate the remainder when 2225 is divided by 440.
25
Calculate the remainder when 11349 is divided by 15.
9
Calculate the remainder when 4541 is divided by 301.
26
What is the remainder when 577 is divided by 54?
37
Calculate the remainder when 1936 is divided by 78.
64
What is the remainder when 5839 is divided by 2500?
839
Calculate the remainder when 181479 is divided by 42.
39
What is the remainder when 1942 is divided by 867?
208
Calculate the remainder when 9925 is divided by 14.
13
What is the remainder when 62498 is divided by 83?
82
Calculate the remainder when 168786 is divided by 41.
30
Calculate the remainder when 8191 is divided by 2632.
295
Calculate the remainder when 14945 is divided by 40.
25
Calculate the remainder when 5366 is divided by 523.
136
Calculate the remainder when 112035 is divided by 526.
523
What is the remainder when 1234 is divided by 293?
62
Calcul